*f, -z + 574 = r*f. What is the tens digit of f?
4
Suppose -4*w = 3*l - 147370, 28*l + 3*w - 722615 - 652907 = 0. What is the thousands digit of l?
9
Suppose 123*k + 434 = 116*k. Let g = k + 584. What is the units digit of g?
2
Let j = -140885 - -216046. What is the ten thousands digit of j?
7
Let f(g) = -2936*g + 748. What is the hundreds digit of f(-4)?
4
Let w(c) = 4*c + 3. Let q be w(1). Suppose 6*d - 2392 = -q*d. What is the hundreds digit of d?
1
Suppose -3*m = -2*y - 2, 3*m + 0*y + 5*y = 37. Suppose -2*n + 5*o - 1225 = -7*n, m*n - 975 = -3*o. What is the tens digit of n?
4
Suppose 5*y = -2*d - 1043, 2 = -2*y - 4. Let i = -184 - d. What is the tens digit of i?
3
Let r(t) = t**2 + 3*t - 1. Let p(n) = -224*n**2 + 14*n + 4. Let h(s) = -p(s) + 3*r(s). What is the tens digit of h(-1)?
2
Let g(y) = y**3 - 18*y + 6. Let z(b) = -3*b + 44. Let o be z(12). Let d be g(o). Suppose 0 = 2*n - q - d, -n - 2*q + 368 = n. What is the hundreds digit of n?
1
Let w = 20194 - 12849. Suppose -21*g + w = -8*g. What is the tens digit of g?
6
Suppose 0 = 16*n - 8973 - 499. Let g = n + -281. What is the tens digit of g?
1
Suppose -4*f + 56366 + 123405 = -3*t, 4*f = -3*t + 179789. What is the tens digit of f?
4
Suppose m = -6, -4*d + 22*m = 23*m - 10. Suppose 0 = -n + 2 + 3, -5*n = 4*o - 61. Suppose d*r - o*r = -20. What is the units digit of r?
4
Let x(r) = -41*r + 13. Let t(l) = 21*l - 7. Let c be -1 - 1 - (-5 + (-5)/(-1)). Let y(g) = c*x(g) - 5*t(g). What is the units digit of y(-5)?
4
What is the ten thousands digit of 15/280*-7 - (-358569)/24?
1
Suppose 2*t + 4*r = 3152, 5*t + r + 3618 - 11534 = 0. Suppose 978 = 3*q - 4*w - 615, 3*q - w = t. Suppose -7*o = -q + 205. What is the tens digit of o?
4
Let y = -390 - -1214. Suppose 2*x = -2*c + 820, 2*x + y = 2*c - 0*x. What is the units digit of c?
1
Suppose 26*i - 22*i - 168 = 0. Let b = i + -41. What is the tens digit of 1*56/b - 27/9?
5
What is the hundreds digit of (-25556)/(-6)*(-59 - -62)?
7
Let w = -123 + -22. Let d = 470 - w. What is the units digit of d?
5
Suppose -91 = 20*j - 2251. Suppose 234*x - 238*x + j = 0. What is the units digit of x?
7
Let z(g) = -1283*g + 343. What is the units digit of z(-3)?
2
Suppose -49*g + 103*g + 88*g - 2154566 = 0. What is the hundreds digit of g?
1
Let n(x) = 3*x**3 + 6*x**2 - 3. Let o = -825 + 829. What is the units digit of n(o)?
5
Suppose 16*a - 259500 = 203034 + 17962. What is the hundreds digit of a?
0
Let l = 757 - 2059. Let a = -755 - l. What is the hundreds digit of a?
5
Let i be (10/15)/((-2)/12). Let l = -1 - i. What is the units digit of 4/14 - (l + (-2262)/21)?
5
Suppose 3*y - 1676 = -x, 5*y + 3*x - 3380 + 584 = 0. Suppose 2*t = -u + y, 4*u - 6*t = -2*t + 2280. What is the tens digit of u?
6
Let t(y) be the first derivative of y**4/4 + 8*y**3/3 - y**2/2 + 27. Let w be t(-8). Suppose w*l - 718 - 226 = 0. What is the tens digit of l?
1
Let q(c) = -133*c**3 + 12*c**2 + 56*c + 393. What is the ten thousands digit of q(-6)?
2
Let b = 34 - 34. Suppose 9*z - 11*z + 254 = b. Let w = -51 + z. What is the units digit of w?
6
Let v be (0 - -1)/((-2)/(-6)). Suppose 4*h + 42 = 1070. Suppose 0 = -4*s + v + h. What is the units digit of s?
5
Suppose 24*p - 26*p = -y + 1766, -2*p - 7040 = -4*y. What is the units digit of y?
8
Let y = 26 + -111. Let w = y + 76. Let x = w + 21. What is the units digit of x?
2
Let b(j) be the third derivative of -j**6/15 + j**5/60 + 13*j**4/24 - 8*j**3/3 - 113*j**2. What is the units digit of b(-4)?
0
Let b(j) = -j**2 - 23*j + 1516. Suppose 5*m + 25 = -7*c + 9*c, 0 = 2*c - 2*m - 10. What is the tens digit of b(c)?
1
Let h be (2 + 0 + (-2541)/(-9))*3. Let s = h + -1195. Let u = -228 - s. What is the tens digit of u?
1
What is the thousands digit of 19566100/2115 + (-8)/(-9)?
9
Let n = -120 + 124. What is the hundreds digit of (-1 - n)*(-2112)/60?
1
Suppose 7*v - 4*v = 0. Suppose -5*t = -2*z + 3*z - 7, z + 3 = v. Suppose -t*f = -0*f + 5*i - 25, 2*f - 29 = -i. What is the tens digit of f?
1
Suppose -3*x = -n + 12955, -161*n = -163*n + 2*x + 25890. What is the thousands digit of n?
2
Suppose -5*i + 3*z - 417 = -0*z, 5*z = 2*i + 163. Let f = i + 123. Suppose 0 = -4*a - f + 175. What is the tens digit of a?
3
Let v(r) = 59*r + 73. Let o(p) = -59*p - 74. Let h(f) = -2*o(f) - 3*v(f). What is the tens digit of h(-7)?
4
Suppose 0 = 5*v + h + 1995, 5*h = 6*h. Suppose 2*s = o + 287, 4*s + 528 = -2*o - 14. Let p = o - v. What is the hundreds digit of p?
1
Suppose 4*k + 52 = t + 37, 0 = 3*k + 6. Suppose b + 0*b - 18 = -3*s, -4*s + 4 = 0. Suppose -t + b = q. What is the units digit of q?
8
Let q(o) = o - 1. Let r be q(-2). What is the tens digit of r*1050/18*30/(-21)?
5
What is the hundreds digit of (-8)/(-10) + (8/180 - (-499710)/1350)?
3
Let x = 19 - 14. Let k be (10/2)/x - -1. Suppose 4*c - k*d - d - 729 = 0, 5*c + 2*d = 917. What is the units digit of c?
3
Let m(i) = -220*i**3 + i**2 - i - 2. Let q(o) = o**3 - 9*o**2 + 16*o + 5. Let t be q(7). Let h(d) = 2*d - 39. Let p be h(t). What is the hundreds digit of m(p)?
2
Suppose -9 = 5*w + 2*i, 0 = -2*w - 0*w - 2*i. What is the tens digit of (-71)/4*(-19 - w)?
8
Let s(i) = -9*i**2 + 262*i - 30. What is the tens digit of s(28)?
5
Suppose 498*k - 461*k - 509860 = 0. What is the tens digit of k?
8
Let v = 4387 + -1250. What is the thousands digit of v?
3
Let q be (-15 - 1)/((-25)/2750). Suppose -q - 480 = -3*l + 5*b, -3*l - 5*b + 2260 = 0. What is the tens digit of l?
5
What is the thousands digit of (112/(-40))/((-39442)/4930 - -8)?
6
Let k = 2794 - -6913. What is the thousands digit of k?
9
Let u(p) = -861*p + 14. What is the tens digit of u(-3)?
9
Suppose 20 = -u - 2*s - 13, -s + 3 = 0. Let l be (-13)/u - -26*134/(-12). Let k = l + 528. What is the units digit of k?
8
Let d be 218 - (27/18)/(6/(-16)). Let v be (d - -1) + -2 + (-4 - -9). Let b = 15 + v. What is the hundreds digit of b?
2
Suppose 4*w - 43548 = -4*m, -3*w = -48*m + 49*m - 32671. Suppose -248*z = -234*z - w. What is the tens digit of z?
7
Let o = -36 + 52. Suppose g = -g - 3*r + 53, o = g + 5*r. Let i = g - -1. What is the tens digit of i?
3
Suppose -882 = -0*w - 6*w. Let p = w + -120. What is the units digit of ((-99)/p)/(3/(-27))?
3
Suppose d - 7*d = -3*d. Suppose 0*w + w - 80 = d. Let v = w + -68. What is the tens digit of v?
1
Suppose 24*u - 433 + 3337 = 0. Let j be (-1)/((-2)/394 + 0). Let a = u + j. What is the tens digit of a?
7
Let t be 5/(-30) - (-3001)/6. Suppose -2*m + 4*s = 2*m - t, 0 = 3*m - 4*s - 379. What is the units digit of m?
1
Suppose 0 = 4*h + 8, -2*u + h + 10 = -0*h. Let g be 94/(-376) + (-1125)/(-4) + -2. Suppose -3*p + 0*p - 4*s = -255, 3*p - u*s = g. What is the units digit of p?
9
Let s(k) = 266*k**2 - 31*k - 130. What is the units digit of s(-5)?
5
Suppose s = 5*q - 2*s - 1765, -3*q + 1059 = -s. Let n = 513 - q. What is the tens digit of n?
6
Suppose 4*p = -2*f + 26, -15 + 1 = -p - 2*f. Let i be 243 + p + 3 + -3. Suppose 3*n + 146 = q, 2*q + 0*n = -3*n + i. What is the tens digit of q?
3
Let g be 12 - (-6 - 18)/6. Suppose 15*c - g*c + 254 = 0. What is the units digit of c?
4
Let m = -4843 + 8704. What is the tens digit of m?
6
Let d be (2 - -1)/(3/6). Let q(l) = l**3 + 5*l**2 + 22*l - 15. What is the tens digit of q(d)?
1
Suppose -2*x + 193 = 3*i + 2*i, -x + 84 = 5*i. Let m = x + 294. What is the units digit of m?
3
Let p(t) = -5*t - 33. Let o be p(-7). Let x(h) = h - 6. Let v be x(o). What is the units digit of ((-5 - v) + 237)/2?
8
Suppose 4*u + 2*a - 781 - 11651 = 0, 0 = -u + 5*a + 3086. Let n = -1994 + u. What is the units digit of n?
2
Let x(a) = 2*a**3 - 6*a**2 - 12*a + 6. Let z be x(6). Suppose 3*d - 2319 = z. Suppose d = 18*j - 275. What is the tens digit of j?
6
Let j = 2 - -24. Suppose -j*t = 4179 - 22509. What is the tens digit of t?
0
Let d = -388 - -182. Let z be (d/3)/((-2)/(-3)). Let k = -51 - z. What is the tens digit of k?
5
Suppose j = 24*j - 37365 - 35890. What is the units digit of j?
5
What is the hundreds digit of (-1296)/22680 + (-1050702)/(-35)?
0
Let d(y) = -36*y**3 + 3*y**2 + 4*y - 2. Let p be d(-3). Suppose 2*m = 7*m - p. What is the tens digit of m?
9
Let v(c) = -32*c + 9. Let a be v(2). Let p be 22/a - 454/(-10). Suppose h - 55 = p. What is the tens digit of h?
0
Let w(x) = -135*x - 42. 